{"id":2581,"date":"2024-10-24T20:10:37","date_gmt":"2024-10-24T20:10:37","guid":{"rendered":"https:\/\/saia.com.ar\/aquaplant\/?post_type=product&#038;p=2581"},"modified":"2026-03-03T20:54:19","modified_gmt":"2026-03-03T20:54:19","slug":"seachem-purigen-100ml-controla-amonico-nitrato-nitrito-polyp","status":"publish","type":"product","link":"https:\/\/saia.com.ar\/aquaplant\/producto\/seachem-purigen-100ml-controla-amonico-nitrato-nitrito-polyp\/","title":{"rendered":"Seachem Purigen 100ml Controla Amon\u00edco Nitrato Nitrito Polyp"},"content":{"rendered":"<p>Seachem purigen: controla amon\u00edaco, nitratos y nitritos.<br \/>\nDeja el agua super cristalina.Purigen\u00ae es un adsorbente sint\u00e9tico premium que es diferente a cualquier otro<br \/>\nproducto de filtraci\u00f3n.<br \/>\nNo es una mezcla de intercambiadores de iones o adsorbentes, sino un pol\u00edmero sint\u00e9tico macroporoso \u00fanico<br \/>\nque elimina las impurezas solubles e insolubles del agua a un ritmo y una capacidad que supera a todos los<br \/>\ndem\u00e1s productos competidores en m\u00e1s del 500%. aumenta significativamente redox.<br \/>\nPule el agua a una claridad sin igual. Purigen\u00ae se oscurece progresivamente a medida que se agota y se<br \/>\nrenueva f\u00e1cilmente mediante el tratamiento con lej\u00eda. Purigen\u00ae est\u00e1 dise\u00f1ado para uso marino y de agua dulce.<br \/>\nCada 250 ml trata hasta 1,000 L hasta por 6 meses.<br \/>\nREGENERACI\u00d3N: Remoje en una soluci\u00f3n de lej\u00eda 1: 1: agua durante 24 horas en un recipiente no met\u00e1lico<br \/>\nen un \u00e1rea bien ventilada y lejos de los ni\u00f1os. Use un blanqueador dom\u00e9stico de hipoclorito al 8,25% (no<br \/>\nperfumado, sin colorantes, no use blanqueador sin salpicaduras). Enjuague bien, luego remoje durante 8 horas<br \/>\ncon una soluci\u00f3n que contenga 4 cucharadas de Prime\u00ae , o declorador equivalente por taza de agua. Enjuague<br \/>\nbien.<\/p>\n","protected":false},"excerpt":{"rendered":"<p>Seachem purigen: controla amon\u00edaco, nitratos y nitritos. deja el agua super cristalina.<\/p>\n","protected":false},"featured_media":2582,"comment_status":"open","ping_status":"closed","template":"","meta":{"site-sidebar-layout":"default","site-content-layout":"","ast-site-content-layout":"default","site-content-style":"default","site-sidebar-style":"default","ast-global-header-display":"","ast-banner-title-visibility":"","ast-main-header-display":"","ast-hfb-above-header-display":"","ast-hfb-below-header-display":"","ast-hfb-mobile-header-display":"","site-post-title":"","ast-breadcrumbs-content":"","ast-featured-img":"","footer-sml-layout":"","ast-disable-related-posts":"","theme-transparent-header-meta":"default","adv-header-id-meta":"","stick-header-meta":"","header-above-stick-meta":"","header-main-stick-meta":"","header-below-stick-meta":"","astra-migrate-meta-layouts":"set","ast-page-background-enabled":"default","ast-page-background-meta":{"desktop":{"background-color":"","background-image":"","background-repeat":"repeat","background-position":"center center","background-size":"auto","background-attachment":"scroll","background-type":"","background-media":"","overlay-type":"","overlay-color":"","overlay-opacity":"","overlay-gradient":""},"tablet":{"background-color":"","background-image":"","background-repeat":"repeat","background-position":"center center","background-size":"auto","background-attachment":"scroll","background-type":"","background-media":"","overlay-type":"","overlay-color":"","overlay-opacity":"","overlay-gradient":""},"mobile":{"background-color":"","background-image":"","background-repeat":"repeat","background-position":"center center","background-size":"auto","background-attachment":"scroll","background-type":"","background-media":"","overlay-type":"","overlay-color":"","overlay-opacity":"","overlay-gradient":""}},"ast-content-background-meta":{"desktop":{"background-color":"var(--ast-global-color-5)","background-image":"","background-repeat":"repeat","background-position":"center center","background-size":"auto","background-attachment":"scroll","background-type":"","background-media":"","overlay-type":"","overlay-color":"","overlay-opacity":"","overlay-gradient":""},"tablet":{"background-color":"var(--ast-global-color-5)","background-image":"","background-repeat":"repeat","background-position":"center center","background-size":"auto","background-attachment":"scroll","background-type":"","background-media":"","overlay-type":"","overlay-color":"","overlay-opacity":"","overlay-gradient":""},"mobile":{"background-color":"var(--ast-global-color-5)","background-image":"","background-repeat":"repeat","background-position":"center center","background-size":"auto","background-attachment":"scroll","background-type":"","background-media":"","overlay-type":"","overlay-color":"","overlay-opacity":"","overlay-gradient":""}}},"product_brand":[],"product_cat":[37],"product_tag":[],"class_list":{"0":"post-2581","1":"product","2":"type-product","3":"status-publish","4":"has-post-thumbnail","6":"product_cat-suplementos-seachen","7":"desktop-align-left","8":"tablet-align-left","9":"mobile-align-left","11":"first","12":"instock","13":"shipping-taxable","14":"purchasable","15":"product-type-simple"},"_links":{"self":[{"href":"https:\/\/saia.com.ar\/aquaplant\/wp-json\/wp\/v2\/product\/2581","targetHints":{"allow":["GET"]}}],"collection":[{"href":"https:\/\/saia.com.ar\/aquaplant\/wp-json\/wp\/v2\/product"}],"about":[{"href":"https:\/\/saia.com.ar\/aquaplant\/wp-json\/wp\/v2\/types\/product"}],"replies":[{"embeddable":true,"href":"https:\/\/saia.com.ar\/aquaplant\/wp-json\/wp\/v2\/comments?post=2581"}],"wp:featuredmedia":[{"embeddable":true,"href":"https:\/\/saia.com.ar\/aquaplant\/wp-json\/wp\/v2\/media\/2582"}],"wp:attachment":[{"href":"https:\/\/saia.com.ar\/aquaplant\/wp-json\/wp\/v2\/media?parent=2581"}],"wp:term":[{"taxonomy":"product_brand","embeddable":true,"href":"https:\/\/saia.com.ar\/aquaplant\/wp-json\/wp\/v2\/product_brand?post=2581"},{"taxonomy":"product_cat","embeddable":true,"href":"https:\/\/saia.com.ar\/aquaplant\/wp-json\/wp\/v2\/product_cat?post=2581"},{"taxonomy":"product_tag","embeddable":true,"href":"https:\/\/saia.com.ar\/aquaplant\/wp-json\/wp\/v2\/product_tag?post=2581"}],"curies":[{"name":"wp","href":"https:\/\/api.w.org\/{rel}","templated":true}]}}